What is the remainder when 11184 is divided by 473?
305
What is the remainder when 6884 is divided by 344?
4
What is the remainder when 3088 is divided by 1083?
922
Calculate the remainder when 38649 is divided by 38591.
58
Calculate the remainder when 3511 is divided by 2779.
732
Calculate the remainder when 1835 is divided by 840.
155
Calculate the remainder when 348 is divided by 115.
3
Calculate the remainder when 7573 is divided by 1857.
145
Calculate the remainder when 12718 is divided by 81.
1
What is the remainder when 13917 is divided by 5?
2
What is the remainder when 1114 is divided by 474?
166
Calculate the remainder when 20587 is divided by 1870.
17
Calculate the remainder when 2245713 is divided by 99.
96
What is the remainder when 188803 is divided by 25?
3
Calculate the remainder when 40677 is divided by 113.
110
Calculate the remainder when 1434 is divided by 60.
54
Calculate the remainder when 19968 is divided by 4937.
220
What is the remainder when 31163 is divided by 31131?
32
Calculate the remainder when 126617 is divided by 39.
23
What is the remainder when 511608 is divided by 2264?
2208
Calculate the remainder when 474980 is divided by 24.
20
Calculate the remainder when 202797 is divided by 169.
166
What is the remainder when 398 is divided by 181?
36
What is the remainder when 88369 is divided by 161?
141
Calculate the remainder when 1019116 is divided by 84925.
16
Calculate the remainder when 71140 is divided by 22.
14
Calculate the remainder when 6113 is divided by 323.
299
Calculate the remainder when 313581 is divided by 76.
5
What is the remainder when 11085 is divided by 11048?
37
Calculate the remainder when 10234 is divided by 274.
96
What is the remainder when 4198 is divided by 861?
754
Calculate the remainder when 59654 is divided by 819.
686
Calculate the remainder when 331593 is divided by 331589.
4
What is the remainder when 854081 is divided by 1915?
1906
Calculate the remainder when 3856 is divided by 215.
201
Calculate the remainder when 9655 is divided by 107.
25
Calculate the remainder when 2998 is divided by 250.
248
Calculate the remainder when 1842 is divided by 1681.
161
Calculate the remainder when 94074 is divided by 18.
6
What is the remainder when 107 is divided by 79?
28
Calculate the remainder when 2703 is divided by 626.
199
Calculate the remainder when 31513 is divided by 55.
53
Calculate the remainder when 791536 is divided by 22.
20
Calculate the remainder when 81083 is divided by 45.
38
What is the remainder when 2938 is divided by 486?
22
Calculate the remainder when 519117 is divided by 240.
237
Calculate the remainder when 4572 is divided by 6.
0
Calculate the remainder when 836274 is divided by 523.
520
What is the remainder when 490 is divided by 177?
136
Calculate the remainder when 1056 is divided by 106.
102
Calculate the remainder when 4283 is divided by 1339.
266
What is the remainder when 65747 is divided by 403?
58
Calculate the remainder when 2536 is divided by 140.
16
Calculate the remainder when 389741 is divided by 129905.
26
Calculate the remainder when 382674 is divided by 1106.
1104
Calculate the remainder when 7946 is divided by 7940.
6
What is the remainder when 48920 is divided by 26?
14
Calculate the remainder when 94123 is divided by 341.
7
What is the remainder when 3119809 is divided by 213?
211
Calculate the remainder when 67908 is divided by 1212.
36
Calculate the remainder when 78442 is divided by 10.
2
Calculate the remainder when 11288 is divided by 2247.
53
What is the remainder when 1582 is divided by 226?
0
What is the remainder when 79013 is divided by 180?
173
What is the remainder when 93771 is divided by 7?
6
What is the remainder when 54794 is divided by 601?
103
What is the remainder when 22382 is divided by 457?
446
What is the remainder when 1816284 is divided by 22?
8
Calculate the remainder when 12675 is divided by 5299.
2077
Calculate the remainder when 602 is divided by 215.
172
Calculate the remainder when 78193 is divided by 4882.
81
Calculate the remainder when 1662293 is divided by 51.
50
Calculate the remainder when 45667 is divided by 625.
42
Calculate the remainder when 219230 is divided by 203.
193
What is the remainder when 39388 is divided by 4923?
4
What is the remainder when 4105 is divided by 1026?
1
Calculate the remainder when 1802 is divided by 1340.
462
What is the remainder when 30967 is divided by 659?
653
Calculate the remainder when 273477 is divided by 91146.
39
What is the remainder when 9460 is divided by 577?
228
Calculate the remainder when 4023 is divided by 1309.
96
What is the remainder when 102033 is divided by 83?
26
Calculate the remainder when 7154 is divided by 254.
42
Calculate the remainder when 17553 is divided by 121.
8
What is the remainder when 5886 is divided by 2943?
0
Calculate the remainder when 1462669 is divided by 86039.
6
Calculate the remainder when 172386 is divided by 607.
605
What is the remainder when 3815 is divided by 537?
56
What is the remainder when 86498 is divided by 10794?
146
Calculate the remainder when 552021 is divided by 314.
9
What is the remainder when 3227 is divided by 187?
48
Calculate the remainder when 3550 is divided by 18.
4
Calculate the remainder when 5519 is divided by 110.
19
What is the remainder when 38588 is divided by 2411?
12
What is the remainder when 5537 is divided by 701?
630
Calculate the remainder when 850 is divided by 120.
10
What is the remainder when 216430 is divided by 52?
6
Calculate the remainder when 104011 is divided by 39.
37
What is the remainder when 16750 is divided by 31?
10
What is the remainder when 60408 is divided by 31?
20
Calculate the remainder when 2750 is divided by 2400.
350
Calculate the remainder when 672927 is divided by 90.
87
Calculate the remainder when 130662 is divided by 7258.
18
Calculate the remainder when 2133 is divided by 727.
679
What is the remainder when 232 is divided by 50?
32
Calculate the remainder when 17847 is divided by 46.
45
What is the remainder when 122322 is divided by 35?
32
What is the remainder when 146003 is divided by 72977?
49
What is the remainder when 68127 is divided by 32?
31
What is the remainder when 65397 is divided by 31?
18
What is the remainder when 11402 is divided by 1622?
48
What is the remainder when 1477469 is divided by 523?
517
What is the remainder when 3493 is divided by 50?
43
What is the remainder when 58852 is divided by 29418?
16
Calculate the remainder when 104003 is divided by 154.
53
What is the remainder when 1010 is divided by 60?
50
What is the remainder when 10212740 is divided by 693?
692
Calculate the remainder when 10228 is divided by 165.
163
Calculate the remainder when 421679 is divided by 420.
419
Calculate the remainder when 173813 is divided by 36.
5
What is the remainder when 9390 is divided by 22?
18
Calculate the remainder when 109320 is divided by 1763.
14
What is the remainder when 34033 is divided by 8473?
141
Calculate the remainder when 9606 is divided by 3201.
3
Calculate the remainder when 13116 is divided by 118.
18
Calculate the remainder when 925 is divided by 86.
65
What is the remainder when 4881 is divided by 971?
26
What is the remainder when 15975 is divided by 429?
102
Calculate the remainder when 15122 is divided by 5.
2
What is the remainder when 9060 is divided by 534?
516
Calculate the remainder when 7327 is divided by 3652.
23
Calculate the remainder when 254909 is divided by 6.
5
What is the remainder when 3790 is divided by 317?
303
Calculate the remainder when 9117 is divided by 4551.
15
Calculate the remainder when 59986 is divided by 106.
96
Calculate the remainder when 20767 is divided by 6766.
469
Calculate the remainder when 5879 is divided by 7.
6
What is the remainder when 7675 is divided by 84?
31
What is the remainder when 22872 is divided by 152?
72
Calculate the remainder when 1873216 is divided by 818.
814
What is the remainder when 118135 is divided by 125?
10
What is the remainder when 6523342 is divided by 1424?
1422
Calculate the remainder when 5319 is divided by 226.
121
Calculate the remainder when 24747 is divided by 250.
247
Calculate the remainder when 11671 is divided by 63.
16
What is the remainder w